the ten millions digit of 3716569912?
1
What is the tens digit of 83926794?
9
What is the tens digit of 40987507?
0
What is the tens digit of 582379826?
2
What is the hundreds digit of 145709393?
3
What is the units digit of 7065157084?
4
What is the millions digit of 26608082?
6
What is the units digit of 1587514314?
4
What is the thousands digit of 5695731043?
1
What is the millions digit of 81011871?
1
What is the hundreds digit of 180851879?
8
What is the millions digit of 578841741?
8
What is the units digit of 15835564?
4
What is the tens digit of 340558578?
7
What is the ten thousands digit of 1857368600?
6
What is the millions digit of 172304898?
2
What is the thousands digit of 66873057?
3
What is the hundred millions digit of 1348674130?
3
What is the billions digit of 1115884146?
1
What is the ten millions digit of 5341924056?
4
What is the units digit of 1255792436?
6
What is the thousands digit of 6073197?
3
What is the hundred millions digit of 2437028149?
4
What is the hundreds digit of 2312810055?
0
What is the hundreds digit of 919641171?
1
What is the units digit of 147040699?
9
What is the thousands digit of 345572344?
2
What is the ten millions digit of 92511939?
9
What is the millions digit of 3128577749?
8
What is the ten millions digit of 1383155271?
8
What is the hundred millions digit of 4343298564?
3
What is the hundred millions digit of 245072016?
2
What is the thousands digit of 81285062?
5
What is the ten millions digit of 51195980?
5
What is the millions digit of 161569157?
1
What is the thousands digit of 651813511?
3
What is the hundred thousands digit of 726642229?
6
What is the millions digit of 3593465570?
3
What is the units digit of 1857429569?
9
What is the ten thousands digit of 414825298?
2
What is the ten thousands digit of 1203165345?
6
What is the millions digit of 5654519?
5
What is the ten thousands digit of 8311040840?
4
What is the ten millions digit of 38598340?
3
What is the units digit of 11792495?
5
What is the thousands digit of 5481409?
1
What is the units digit of 157596871?
1
What is the units digit of 18462696?
6
What is the millions digit of 4021073984?
1
What is the hundred millions digit of 164569079?
1
What is the tens digit of 4274638?
3
What is the thousands digit of 4950528923?
8
What is the millions digit of 670766334?
0
What is the hundreds digit of 14906802?
8
What is the units digit of 2264830739?
9
What is the ten thousands digit of 36886862?
8
What is the thousands digit of 1060145757?
5
What is the thousands digit of 13573869?
3
What is the hundreds digit of 357588359?
3
What is the hundred thousands digit of 8542093891?
0
What is the hundreds digit of 498741574?
5
What is the hundreds digit of 59589875?
8
What is the hundred millions digit of 5553874342?
5
What is the ten thousands digit of 182285588?
8
What is the billions digit of 2527539598?
2
What is the ten thousands digit of 83243251?
4
What is the hundreds digit of 101584125?
1
What is the tens digit of 930031235?
3
What is the thousands digit of 130356376?
6
What is the hundreds digit of 1192022381?
3
What is the ten millions digit of 193226373?
9
What is the ten thousands digit of 2564367954?
6
What is the millions digit of 623652753?
3
What is the ten thousands digit of 85379650?
7
What is the hundred thousands digit of 7409694?
4
What is the millions digit of 904768534?
4
What is the tens digit of 34325125?
2
What is the ten millions digit of 53985924?
5
What is the hundred thousands digit of 87142046?
1
What is the billions digit of 8943021340?
8
What is the hundred thousands digit of 9417982?
4
What is the thousands digit of 2099759084?
9
What is the hundred millions digit of 4236955116?
2
What is the ten millions digit of 1615784129?
1
What is the ten thousands digit of 1645162294?
6
What is the thousands digit of 2245995750?
5
What is the hundreds digit of 369639050?
0
What is the units digit of 152927055?
5
What is the hundred thousands digit of 4246815213?
8
What is the thousands digit of 4482934010?
4
What is the ten millions digit of 1980136031?
8
What is the millions digit of 2915970521?
5
What is the units digit of 544231390?
0
What is the millions digit of 475661292?
5
What is the hundred millions digit of 188410066?
1
What is the hundred thousands digit of 101966538?
9
What is the ten thousands digit of 11223820?
2
What is the hundred thousands digit of 341718159?
7
What is the billions digit of 4122080809?
4
What is the thousands digit of 49781005?
1
What is the thousands digit of 51170849?
0
What is the units digit of 76319035?
5
What is the hundreds digit of 510133448?
4
What is the ten millions digit of 496841800?
9
What is the ten millions digit of 74149305?
7
What is the ten thousands digit of 38383490?
8
What is the ten thousands digit of 2648549850?
4
What is the ten millions digit of 573266336?
7
What is the tens digit of 136682283?
8
What is the ten thousands digit of 3700124973?
2
What is the ten thousands digit of 49031060?
3
What is the ten thousands digit of 2952702?
5
What is the units digit of 181307002?
2
What is the thousands digit of 355399441?
9
What is the units digit of 48579065?
5
What is the hundred millions digit of 3708776544?
7
What is the units digit of 623397529?
9
What is the ten thousands digit of 37796976?
9
What is the hundred millions digit of 529438266?
5
What is the tens digit of 2956580216?
1
What is the units digit of 344328063?
3
What is the hundred millions digit of 146557189?
1
What is the ten thousands digit of 76111695?
1
What is the tens digit of 422523802?
0
What is the millions digit of 894658526?
4
What is the hundreds digit of 77980478?
4
What is the hundred millions digit of 1198273362?
1
What is the hundred millions digit of 1246374614?
2
What is the ten millions digit of 144508200?
4
What is the millions digit of 328925246?
8
What is the thousands digit of 2094495719?
5
What is the tens digit of 5976812630?
3
What is the hundred thousands digit of 2294695699?
6
What is the hundred thousands digit of 2846148258?
1
What is the ten thousands digit of 571754240?
5
What is the ten thousands digit of 260485541?
8
What is the hundred thousands digit of 22072535?
0
What is the thousands digit of 586756754?
6
What is the millions digit of 1924334180?
4
What is the thousands digit of 2534791602?
1
What is the hundreds digit of 45695837?
8
What is the units digit of 51047448?
8
What is the tens digit of 3874612?
1
What is the hundred thousands digit of 896971299?
9
What is the tens digit of 77799476?
7
What is the thousands digit of 754442417?
2
What is the hundred thousands digit of 511212263?
2
What is the tens digit of 188749941?
4
What is the millions digit of 1813667837?
3
What is the millions digit of 359153821?
9
What is the millions digit of 969678209?
9
What is the hundreds digit of 236686572?
5
What is the units digit of 1549402903?
3
What is the hundred thousands digit of 52436798?
4
What is the tens digit of 9976690?
9
What is the units digit of 667695174?
4
What is the ten millions digit of 961767864?
6
What is the ten thousands digit of 219237542?
3
What is the hundred thousands digit of 303237348?
2
What is the hundred thousands digit of 188429311?
4
What is the thousands digit of 1526263047?
3
What is the ten millions digit of 1294415641?
9
What is the tens digit of 2969542786?
8
What is the hundreds digit of 6497822?
8
What is the hundreds digit of 613483497?
4
What is the ten thousands digit of 389225133?
2
What is the tens digit of 103229115?
1
What is the hundreds digit of 96930242?
2
What is the millions digit of 185213831?
5
What is the hundred thousands digit of 441944674?
9
What is the ten millions digit of 43639701?
4
What is the ten thousands digit of 4461385349?
8
What is the thousands digit of 128979602?
9
What is the tens digit of 71067494?
9
What is the units digit of 266296133?
3
What is the thousands digit of 56753032?
3
What is the hundreds digit of 79202979?
9
What is the hundreds digit of 558112588?
5
What is the hundreds digit of 347591586?
5
What is the hundred millions digit of 168525721?
1
What is the hundred thousands digit of 77868382?
8
What is the hundred thousands digit of 1218067342?
0
What is the hundreds digit 